True
Is 3353898744 a multiple of 21?
True
Does 16 divide 6219440?
True
Is 109 a factor of 41299664?
True
Is 154 a factor of 72429619?
False
Is 19 a factor of 50576138?
True
Is 144 a factor of 146475792?
True
Is 218281968 a multiple of 565?
False
Is 343788962 a multiple of 499?
False
Does 31 divide 3064908?
True
Is 43933852 a multiple of 167?
False
Is 61 a factor of 66744599?
False
Does 9 divide 3122372045?
False
Is 406 a factor of 317627604?
True
Is 77175308 a multiple of 2972?
False
Does 17 divide 196980768?
True
Is 258966369 a multiple of 5?
False
Is 1802770 a multiple of 410?
True
Does 649 divide 146632448?
False
Is 42 a factor of 9057589?
False
Is 60 a factor of 83785193?
False
Does 1403 divide 158119260?
False
Does 3439 divide 118731475?
True
Is 24 a factor of 15203834?
False
Is 62673045 a multiple of 59?
True
Does 3080 divide 803358165?
False
Is 56 a factor of 7172704?
True
Is 10302936 a multiple of 28?
True
Is 751 a factor of 63274059?
False
Is 75327110 a multiple of 48?
False
Is 176 a factor of 117613056?
True
Is 9853504 a multiple of 58?
True
Is 893 a factor of 77584733?
True
Is 74 a factor of 125087010?
True
Is 30 a factor of 2866750?
False
Is 517243992 a multiple of 321?
True
Is 97 a factor of 290352816?
True
Does 9 divide 201142?
False
Is 58 a factor of 3203499?
False
Is 753533168 a multiple of 824?
True
Is 31363649 a multiple of 6?
False
Is 1358484380 a multiple of 55?
True
Is 1075839717 a multiple of 93?
True
Is 488 a factor of 62644072?
True
Is 261769282 a multiple of 134?
False
Is 25 a factor of 897450197?
False
Is 23209265 a multiple of 36?
False
Is 13 a factor of 13613860?
True
Is 3284 a factor of 595214847?
False
Is 2020725602 a multiple of 132?
False
Is 199470758 a multiple of 58?
True
Is 859 a factor of 487131169?
True
Does 128 divide 22744331?
False
Does 584 divide 14568717?
False
Is 505757754 a multiple of 4175?
False
Does 866 divide 98822724?
True
Does 174 divide 233924632?
False
Is 1292 a factor of 1064962008?
True
Is 15 a factor of 157258050?
True
Is 1045 a factor of 68501298?
False
Is 48664392 a multiple of 524?
False
Does 5031 divide 916548293?
False
Is 4 a factor of 6177888?
True
Is 8629965 a multiple of 435?
True
Is 39 a factor of 182217455?
False
Is 735 a factor of 116447706?
False
Is 1002 a factor of 38890626?
True
Is 24 a factor of 983135832?
True
Does 1838 divide 3651446158?
True
Does 24 divide 173043426?
False
Is 1326454251 a multiple of 36?
False
Is 71 a factor of 234304744?
False
Is 3737499148 a multiple of 140?
False
Does 4130 divide 447196400?
True
Is 2 a factor of 105299711?
False
Is 359208759 a multiple of 13?
True
Does 2729 divide 1193623665?
True
Is 2194303681 a multiple of 9?
False
Is 1792375900 a multiple of 35?
True
Is 13 a factor of 5330332?
False
Does 256 divide 132079728?
False
Does 17 divide 5556376424?
True
Is 4 a factor of 2283726?
False
Does 702 divide 202600384?
False
Is 769509702 a multiple of 17?
False
Does 47 divide 3184145?
False
Does 140 divide 104144307?
False
Does 106 divide 1483924634?
True
Is 46312222 a multiple of 146?
True
Is 188933240 a multiple of 36?
False
Is 40564116 a multiple of 12?
True
Does 82 divide 1641566364?
True
Is 49 a factor of 557570832?
False
Is 5 a factor of 68010550?
True
Does 187 divide 25399523?
False
Is 195 a factor of 2297618265?
False
Is 12910285 a multiple of 48?
False
Is 327222569 a multiple of 20?
False
Is 73985475 a multiple of 237?
True
Is 259501780 a multiple of 20?
True
Is 144 a factor of 9294976?
False
Is 15 a factor of 29989611?
False
Is 89402516 a multiple of 7?
True
Is 35 a factor of 390795?
False
Is 63987335 a multiple of 18?
False
Is 138 a factor of 466210259?
False
Is 47 a factor of 146365003?
True
Is 395 a factor of 14730735?
True
Is 1443515 a multiple of 3?
False
Does 6 divide 150208626?
True
Is 25 a factor of 4646990340?
False
Does 608 divide 35781408?
True
Is 49 a factor of 1337671040?
False
Does 743 divide 189662638?
True
Is 250363438 a multiple of 2899?
True
Is 4 a factor of 434445459?
False
Does 74 divide 21662094?
True
Is 490813180 a multiple of 1859?
True
Does 91 divide 31485704?
False
Does 1016 divide 49248971?
False
Is 85 a factor of 5086700649?
False
Is 300023482 a multiple of 166?
False
Is 21258709 a multiple of 1783?
True
Does 16 divide 91618896?
True
Is 409 a factor of 521573003?
False
Is 6 a factor of 64108867?
False
Is 1829568064 a multiple of 304?
True
Is 120 a factor of 1196803963?
False
Is 141443181 a multiple of 768?
False
Does 1333 divide 269819195?
True
Is 18459337 a multiple of 2467?
False
Is 35128740 a multiple of 309?
False
Is 855050 a multiple of 14?
True
Is 3 a factor of 33848209?
False
Does 35 divide 1150905687?
False
Is 8 a factor of 1370787?
False
Does 542 divide 110998056?
False
Is 18115372 a multiple of 116?
True
Does 557 divide 77201871?
True
Does 157 divide 672866544?
False
Does 38 divide 100127758?
True
Is 37 a factor of 769915682?
False
Does 17 divide 10845711?
True
Is 77 a factor of 308260451?
False
Is 13 a factor of 48162819?
False
Is 97514917 a multiple of 331?
True
Is 273060174 a multiple of 72?
False
Is 1075594 a multiple of 205?
False
Is 78914220 a multiple of 1595?
True
Does 355 divide 173012445?
True
Does 944 divide 19264858?
False
Is 13073772 a multiple of 38?
False
Does 19 divide 58120260?
False
Is 528 a factor of 1946850770?
False
Is 2332050633 a multiple of 3553?
True
Is 314 a factor of 534404136?
True
Is 529 a factor of 21512314?
True
Does 6 divide 16188186?
True
Is 189580153 a multiple of 63?
False
Is 13405368 a multiple of 12?
True
Is 27041308 a multiple of 421?
False
Does 2 divide 9725660?
True
Does 124 divide 6993301?
False
Is 6163331 a multiple of 13?
False
Is 1695 a factor of 87764042?
False
Is 276 a factor of 95052744?
True
Is 2006240400 a multiple of 15390?
True
Is 1928831640 a multiple of 15?
True
Does 7 divide 446896499?
True
Is 3455 a factor of 761827500?
True
Is 624879425 a multiple of 4?
False
Is 1872475555 a multiple of 443?
False
Does 543 divide 52859336?
False
Is 652448933 a multiple of 2931?
False
Does 43 divide 18280233?
False
Is 601 a factor of 5547235029?
False
Is 3261 a factor of 13428798?
True
Does 588 divide 1831616472?
True
Is 572608 a multiple of 4?
True
Does 8230 divide 165513530?
True
Is 2714771 a multiple of 55?
False
Is 17485692 a multiple of 282?
True
Is 954142 a multiple of 34?
True
Does 85 divide 175001910?
True
Does 49 divide 340458468?
True
Is 66 a factor of 232166088?
True
Is 2906 a factor of 367830590?
False
Does 93 divide 619473?
True
Does 268 divide 149730607?
False
Is 207 a factor of 1465925856?
False
Does 136 divide 23643880?
False
Is 41 a factor of 393887906?
False
Is 314 a factor of 344987404?
True
Does 30 divide 1791749703?
False
Is 8 a factor of 13247678?
False
Is 59504781 a multiple of 359?
False
Is 16 a factor of 1099686336?
True
Is 1879 a factor of 209538564?
True
Is 933566596 a multiple of 76?
True
Does 3834 divide 1355767578?
True
Is 199570752 a multiple of 1632?
True
Is 1025208768 a multiple of 135?
False
Is 38514856 a multiple of 29?
False
Is 1728324297 a multiple of 1347?
False
Is 317 a factor of 129896456?
True
Does 33 divide 234456704?
False
Does 175 divide 1133650175?
True
Is 668521920 a multiple of 3480?
True
Is 68391473 a multiple of 665?
False
Is 282022478 a multiple of 113?
False
Is 566602140 a multiple of 156?
True
Is 1024678848 a multiple of 4359?
True
Does 231 divide 162232853?
False
Is 4790 a factor of 1660176227?
False
Does 800 divide 445872?
False
Is 115 a factor of 133158040?
True
Does 1014 divide 296940771?
False
Does 1790 divide 2628414520?
True
Does 1794 divide 1698448357?
False
Does 1914 divide 52916358?
True
Is 240 a factor of 80818640?
False
Is 83511175 a multiple of 149?
False
Is 3 a factor of 65195616?
True
Is 64552133 a multiple of 36?
False
Is 159 a factor of 84167445?
True
Is 19224321 a multiple of 55?
False
Is 43 a factor of 1012528564?
False
Is 51926392 a multiple of 76?
True
Does 600 divide 481180027?
False
Does 25 divide 38206725?
True
Is 28507336 a multiple of 13?
True
Does 197 divide 376954181?
True
Is 402995857 a multiple of 3474?
False
Does 59 divide 37017662?
True
Does 913 divide 703067519?
True
Is 5 a factor of 115435800?
True
Is 3916103125 a multiple of 37?
True
Is 331809108 a multiple of 149?
False
Is